ainder when 76 is divided by g.
0
Let q(j) = -3*j - 16. What is the remainder when 49 is divided by q(-14)?
23
Let i(a) = 51*a + 9. What is the remainder when i(1) is divided by 11?
5
Suppose 12 = -3*b, -2*k - k = -b + 83. Let w = -3 - k. Suppose -3*p - 3*j - j + 46 = 0, -p - 4*j = -w. What is the remainder when 17 is divided by p?
7
Let m(o) = -o**2 + 7*o + 2. Let u be m(7). Suppose -u*z - 85 = -5*z + 2*w, 0 = z + w - 30. Calculate the remainder when 85 is divided by z.
27
Let s = 248 - 177. Let c = 33 + -21. What is the remainder when s is divided by c?
11
Suppose 79*m - 84162 = m. What is the remainder when m is divided by 72?
71
Let b be 0 + (0/(-2))/(-2). Suppose 0 = 3*m - 21 - b. Let f(h) = -64*h - 492. Calculate the remainder when f(-8) is divided by m.
6
Suppose 0 = 4*q - l - 530, 4 = -5*l + 14. Let t = 187 - q. Let p(h) = 3*h - 2. What is the remainder when t is divided by p(7)?
16
Suppose 2*m = 4*r - 358, 5*m + 6 = 1. Suppose -3*s + 51 = 12. Calculate the remainder when r is divided by s.
11
Let v = -728 - -756. Calculate the remainder when v is divided by 11.
6
Let i = 2 - -162. What is the remainder when i is divided by 64?
36
Let n = 106 - 70. Suppose -n*b - 210 = -41*b. Suppose -7*m + 45 = -4*m. What is the remainder when b is divided by m?
12
Suppose 119 = -11*d + 207. What is the remainder when d is divided by 6?
2
Let d(f) = -3*f**2 - 54*f - 39. What is the remainder when 178 is divided by d(-17)?
10
Let s(z) = -z + 5. Let j = -20 + 14. Let w be s(j). Let h = w + -9. Calculate the remainder when 7 is divided by h.
1
Suppose -5*c + 0*k + 5*k = -1010, 2*k + 8 = 0. What is the remainder when c is divided by 50?
48
Let l(x) = -x**3 + 7*x**2 + 14*x - 1. Suppose 0*i = -4*q - 2*i + 36, -5*q + 4*i = -32. Calculate the remainder when l(q) is divided by 12.
11
Suppose -2*h + 3*u + 154 = 0, 45*u + 224 = 3*h + 44*u. What is the remainder when 1775 is divided by h?
73
Suppose -15 - 365 = -5*u. Suppose -5*o = -25, -4*m - 2*o - 70 = -6*m. What is the remainder when u is divided by m?
36
Suppose -2*t = -i - 12 - 15, 57 = 4*t - 3*i. Let n = t - 20. Let a(z) = 2*z**2 + 15*z - 5. What is the remainder when a(n) is divided by 2?
1
Let p = -103 + 95. What is the remainder when 19 is divided by 4 - p/(-6)*(-6 - 0)?
7
Let w = -1015 + 1345. What is the remainder when w is divided by 83?
81
Suppose 90*y - 84*y - 156 = 0. Let u = -149 - -225. What is the remainder when u is divided by y?
24
Let y = 281 + 182. Suppose -5*l + y = -3*r, -4*l - r - 79 = -463. Let a = 44 + -20. What is the remainder when l is divided by a?
23
Calculate the remainder when 12/(-32) + (-177)/(-24) is divided by (-3)/(6/2) - -4.
1
Let u = -8 - -12. Suppose o - 55 = -u*o. Calculate the remainder when (-2)/3*12*-4 is divided by o.
10
Suppose -25 + 75 = 4*g - 2*y, 17 = g + 4*y. What is the remainder when 21 is divided by g?
8
Suppose 6*i + 222 = 534. What is the remainder when i is divided by 5?
2
Let o = -26 + 14. Let i = -1 - o. Let s = -8 + i. What is the remainder when 3 is divided by s?
0
Suppose -3*o + 2*o + 10 = 0. Let w be (-5)/(o/(-19))*2. Let k = w - 7. Calculate the remainder when 35 is divided by k.
11
Let z(l) = 2*l**2 + l + 2. Calculate the remainder when 51 is divided by z(4).
13
Suppose 2*x = x + 5. Suppose -x*j = -4*j. Suppose j = -2*g + 5*q + 19, -5*q + q = -4. Calculate the remainder when 33 is divided by g.
9
Let g be (6 + 0)*-2*(-75)/12. Suppose 875 = 5*i - g. Calculate the remainder when i is divided by 24.
22
Suppose 148 = 3*m + 56*s - 60*s, -3*s + 45 = m. What is the remainder when m is divided by 14?
6
Let v be 2/((6/(-1335))/((-2)/10)). Let t = -12 + -3. Let z = t + v. What is the remainder when z is divided by 19?
17
Suppose -9 = -3*g - 0. Let u(x) = -x**2 - 17*x + 5*x**2 + 16*x - 4 - 2*x**2. What is the remainder when u(g) is divided by 7?
4
Suppose -8472 = -57*q + 1788. Calculate the remainder when q is divided by 88.
4
Let g(s) = s**2 - 3. Let r = 2 + 1. Let v be g(r). Calculate the remainder when 8 is divided by 4/v*(0 - -3).
0
Let p(k) = -2*k**2 - 14*k - 3. Let m be p(-3). Suppose -5*d = 2*d - m. Calculate the remainder when 14 is divided by d.
2
Suppose 5*a = 2*w + 168, -3*w = 4*a - 2*w - 124. What is the remainder when 8*3024/128*(-1)/(-3) is divided by a?
31
Calculate the remainder when 71 is divided by ((8/10)/(-2))/((-16)/1440).
35
Let b(n) = -5*n - 20. Let y be b(-5). Suppose 3*s = 16 + y. Calculate the remainder when 26 is divided by s.
5
Let x be (-2)/6 - 472/(-12). Suppose 0 = k - 4*k - x. Let f = k + 35. What is the remainder when 86 is divided by f?
20
Suppose -4*m - 255 = 3*l - 0*l, -4*m + 231 = -3*l. Let b be l/(-2)*4 + -2. Suppose -2*a + b = 2*a. Calculate the remainder when a is divided by 21.
19
Suppose -2*u = 3*u - 50. Calculate the remainder when 3/(1292/1190 + (-1 - 0)) is divided by u.
5
Let t(m) = -m**3 - 6*m**2 + 7*m - 7. Let h be t(-7). Calculate the remainder when 4/14 - 117/h is divided by 91/13 - 3 - (0 + -6).
7
Let g(u) = -2*u + 13. Suppose -2*n - 4*f + 66 = 0, -2*f = -n - 6*f + 35. What is the remainder when g(-23) is divided by n?
28
Let w(u) = -u**2 + 10*u - 1. Let t be w(5). Calculate the remainder when 43 is divided by (-256)/(-10) - t/(-60) - 3.
20
Suppose -2*q = 2*m - 22, q = 5*m + 7 - 38. Let z = 16 - m. What is the remainder when (-546)/(-13) - (-3 + 2) is divided by z?
7
Suppose -c + 16 = -0*c. Let k(f) = f - 8. Let h be k(8). Suppose 2*w - 2*z - z - 109 = 0, -w - 3*z + 32 = h. What is the remainder when w is divided by c?
15
Let l(t) = t**3 - 3*t**2 - t + 7. Calculate the remainder when 37 is divided by l(0).
2
Let b = -54 + 152. Calculate the remainder when b is divided by 34.
30
Calculate the remainder when 312 is divided by (-5)/(((-180)/48)/15).
12
Suppose 2*o = 7*o. Suppose 5*h - 3*h - 4*f - 30 = o, -h + 27 = -5*f. Calculate the remainder when 10 is divided by h.
3
Let z(q) be the second derivative of q**4/2 + 7*q**3/6 - 3*q**2 + 17*q. What is the remainder when z(3) is divided by 24?
21
Suppose f + 4 = 2*f, 5*k = 2*f + 32. Calculate the remainder when -3 + (1*-68)/(-2) is divided by k.
7
Let x(c) = -c**2 - 11*c + 13. Let z be x(-12). Let q = 25 - z. Suppose -4*w + q = -w. Calculate the remainder when 14 is divided by w.
6
Suppose -2*k + 4*u = -3*k + 12, 2*k - 2*u + 6 = 0. Suppose 0 = -4*x - k*x + 36. Calculate the remainder when 34 is divided by x.
7
Suppose -7 = 5*v - 6*v. Suppose -2 = -5*s - v. What is the remainder when 93 is divided by (s - -2)/(11/352)?
29
Calculate the remainder when 46 is divided by (14/21 - 1)*-72.
22
Suppose 0 = -73*w - 367 + 4017. Calculate the remainder when 94 is divided by w.
44
Let o be -8 + 10 + -1 + -278. Let t = -195 - o. Calculate the remainder when t is divided by 28.
26
Let b(l) = 12*l - 40. Let r be b(5). Suppose 10*h - r = 6*h. Calculate the remainder when 6 is divided by h.
1
Suppose 0 = -5*d - 4*o + 6*o + 117, -d = -3*o - 13. What is the remainder when 63 is divided by d?
13
Suppose -2*u - 7 + 35 = 0. Suppose 4*i - 3*p = 2*p + 90, -4*i + 96 = -2*p. Calculate the remainder when i is divided by u.
11
Suppose z + 21 = 2*z + 5*p, -4*z = -2*p - 84. What is the remainder when (-2)/(-2) - 1 - (-61 + -1) is divided by z?
20
Let w(c) = c - 24. Let i be w(9). Let f = 24 + i. What is the remainder when 42 is divided by f?
6
Let z = 39 + 23. Let o = -14 + 32. Calculate the remainder when z is divided by o.
8
Calculate the remainder when 94 is divided by (48/30)/((-6)/(-30)).
6
Calculate the remainder when 333 is divided by (2/((-8)/(-18)))/((-1155)/(-3080)).
9
Let x = -4 - -8. Let c(i) = 2*i**2 - 20. Calculate the remainder when ((-45)/x)/((-1)/4) is divided by c(-4).
9
Let q = -937 - -944. What is the remainder when 26 is divided by q?
5
Let c(a) = a + 17. Let u be (1 - (17 - 3))*-1. Calculate the remainder when c(u) is divided by 16.
14
Suppose 6*n = n + 115. Suppose n*d = 21*d + 8. What is the remainder when 33 is divided by d?
1
Let j(z) = -2*z**3 - 10*z + 106. What is the remainder when j(0) is divided by 36?
34
Let v = 152 + -41. Calculate the remainder when v is divided by ((-3)/6)/((-3)/96).
15
Suppose -10*z - 2*y = -6*z - 1798, 3*z - y = 1356. Calculate the remainder when z is divided by 76.
71
Suppose -4*q + 16*q = 432. Suppose o + o = -2*g + 132, q = g - 5*o. Ca